+ 2*c + 12*c**2 - 36*c**2 - 3*c. Suppose 4 = d + d. What is the units digit of q(d)?
2
Suppose 4*d + 5*s - 221 - 606 = 0, 5*d - 1009 = 2*s. Suppose -d = -5*t - 28. Suppose -4*b + 80 = 4*r, 3*r + t = 4*b - 73. What is the tens digit of b?
2
Let s(w) = 6*w - 8. What is the tens digit of s(7)?
3
Suppose -8 + 0 = -4*v. Let i = 3 + v. Suppose 3*x = 5*r - 0*x - 55, -i*r = 3*x - 25. What is the units digit of r?
8
Let x(y) = -52*y - 25. What is the tens digit of x(-6)?
8
Let x(a) = 18*a + 2. Let d be x(-5). Let b = d - -176. Suppose 2*w + 2*w - b = 0. What is the tens digit of w?
2
What is the hundreds digit of 1/2 + (-19470)/(-60)?
3
Suppose 2*p - 27 = 2*f + 3589, -2*p + 3614 = -3*f. What is the hundreds digit of p?
8
Let w = -253 + 449. What is the tens digit of (4 - 1) + w/1?
9
Let p(l) = -l**2 + 9*l + 3. Let w be p(9). Suppose -2*d = 4*x - 214, 0 = -6*x + 4*x + d + 113. Suppose 4*r = w*r + 3, -f - r = -x. What is the units digit of f?
2
Let v(o) = o**2 - o + 0*o + 3 + 5*o - 8. Let l be v(4). Suppose -3*g + l = -18. What is the tens digit of g?
1
Suppose 5*z - 1779 - 426 = 0. What is the units digit of z?
1
Let f(k) = -k**2 + 1. Let h be f(-1). Suppose h = -0*w - 2*w + 14. Suppose 2*n + 70 = 5*i, 2*i = -0*n + 5*n + w. What is the units digit of i?
6
Let w(p) = -p**3 + p**2 + 7*p - 6. Let d(r) = 2*r**2 + 13*r + 11. Let j be d(-5). What is the units digit of w(j)?
6
Suppose -3*v + 196 = -2*t - 142, v - 170 = t. Let m = t - -374. What is the tens digit of m?
0
Suppose 20*f = 24*f - 12. Suppose 5*p = 4*i - f*i + 416, -4*p + i = -333. What is the tens digit of p?
8
Let g be 4/(-10) + 515/(-25). What is the units digit of ((-7)/g)/(2/36)?
6
Suppose -c = l - 11, -3*l - 5*c = -0*c - 35. Suppose 11 = 5*y - 3*s, -l = -y + 4*s - 1. What is the units digit of y?
1
Suppose -4*l + q = -3*q - 2472, q = -4*l + 2477. What is the hundreds digit of l?
6
Let q(z) = -222*z**3 + 11*z**2 + 3*z + 3. What is the hundreds digit of q(-2)?
8
Suppose 5*b = 9*b. Suppose 5*h - 7*d + 2*d = 0, b = 2*h - 3*d + 3. Suppose -19 + 133 = h*k. What is the tens digit of k?
3
Let w be (-1)/6 + 66/(-36). What is the units digit of (4 + 259/(-14))/(w/12)?
7
Suppose 4*v - 52 = 20. Let u be (-14)/4*(0 - v). Suppose 0*h + 3*h = u. What is the tens digit of h?
2
Let b(c) = -c**2 - 3*c + 2. Let k be b(-3). Suppose 3 - 31 = -k*y. Suppose p - 3*a - y = 8, -30 = -p - 5*a. What is the tens digit of p?
2
Let s(n) be the first derivative of -n**3/6 + 7*n**2 - n - 4. Let u(b) be the first derivative of s(b). What is the tens digit of u(0)?
1
Suppose -330 + 1198 = 2*m. Let l = m - 218. What is the units digit of l?
6
Let p(a) = -3*a**3 - a**2 + 3*a - 3. Let x be p(-3). Suppose -2*m + m - 2*l = -16, -3*m - 3*l = -x. Suppose -124 + m = -4*c. What is the units digit of c?
5
Suppose 0 = -2*n + u + 1818, 0 = 4*n - u - 2524 - 1112. What is the tens digit of n?
0
Let v(r) = -3*r + 4*r**3 - 14*r**3 - 7*r**2 + 9 + 9*r**3. What is the units digit of v(-8)?
7
Let k = 7058 - 2942. What is the thousands digit of k?
4
Suppose 0*g + 3*g + 8 = -2*q, 0 = -5*q + 4*g - 66. What is the tens digit of 201/15 - q/(-25)?
1
Suppose 9*c - 3*c - 78 = 0. Let h(t) = 2*t**3 - t**2 - 3*t + 3. Let s be h(2). Let w = c - s. What is the units digit of w?
4
Suppose -37*x + 27*x + 17690 = 0. What is the hundreds digit of x?
7
Suppose 0 = 5*r + 5*a + 35, 5*r + a + 14 = 3*a. What is the tens digit of 952/20 - r/10?
4
Let f = 23 - 18. Suppose 5*d - 2*y - 390 = -5*y, f*d - 3*y - 390 = 0. What is the units digit of d?
8
Let p(v) = v**2 - 2*v + 4. Let a be p(2). Suppose 3*s = -3*k + 4*s + 9, -3*k - 4*s + 9 = 0. What is the units digit of ((-7)/a)/(k/(-24))?
4
Let t(w) = 9*w**2 + 23*w + 150. What is the hundreds digit of t(-9)?
6
Let z = 43 + 517. What is the tens digit of (3/6)/(4/z)?
7
Let c = -537 - -1018. What is the tens digit of c?
8
Let a(j) be the third derivative of -j**6/120 - 4*j**5/15 - j**4/4 - 3*j**3 + 15*j**2. What is the units digit of a(-16)?
8
Suppose 4*f - 2 + 11 = l, -5 = 5*f. Suppose 5*u + 2 = -l*b + 137, -4*u + 3*b = -108. What is the units digit of u?
7
Let b(s) = -101*s - 27. What is the units digit of b(-6)?
9
Let n = -126 - 2136. What is the units digit of n/(-12) - 2/(-4)?
9
Suppose 0 = -3*j, 0*j - 2709 = -3*l - j. What is the hundreds digit of l?
9
Suppose 2*c - 4*z = -7*z + 477, 0 = -4*c - z + 959. Suppose c + 220 = 10*t. What is the units digit of t?
6
Let n be 63 + 16/(-1 + 5). Let o = n - 15. What is the tens digit of o?
5
What is the hundreds digit of 16/(-2) - (-1 - 1551)?
5
Let a(g) = -2*g - 11. Let h be a(-12). Let b = -19 + h. What is the units digit of (-1)/2 - 111/b?
8
Let w(z) = -7*z + 5*z + 5*z**2 - 3*z**2. Let h be w(2). Suppose -2*p - 3*p + h*r + 186 = 0, -4*p + 5*r + 147 = 0. What is the units digit of p?
8
Let k(q) be the first derivative of 5*q**4/24 - 13*q**3/6 + q**2/2 - 1. Let o(u) be the second derivative of k(u). What is the tens digit of o(10)?
3
Suppose -6 = 3*n + 9. Let x = 29 + n. What is the tens digit of x?
2
Let z(v) be the first derivative of v**3/3 + 3*v**2 - 11*v + 35. What is the tens digit of z(-10)?
2
Let w = 164 + -109. What is the tens digit of w?
5
Let u(n) = -n**3 + 11*n**2 - 8*n - 17. Let a be u(10). Suppose -23 - 2 = -5*g. Suppose g*f + a*r = 107, -f + 0*r = -r - 15. What is the units digit of f?
9
Suppose -3*i - 71 = -26. Let d be 1/5 - (-228)/i. What is the units digit of (-1)/3 - 140/d?
9
Suppose 0 = 3*d + 3*a + 2*a + 284, -d - 104 = 4*a. Let n = d - -148. What is the tens digit of n?
6
Suppose -719 - 499 = -6*a. What is the units digit of a?
3
What is the units digit of (-2010)/20*(0 + -6)?
3
Let n(j) = 7*j**2 + 8*j + 16. What is the hundreds digit of n(-6)?
2
Let f = 130 + -51. Let t = 9 + f. What is the units digit of t?
8
Let t be 1/(1*(-5)/(-4) - 1). Suppose v + v = -5*y + 30, 5*y = t*v. What is the units digit of v?
5
Let z be 18/(-30) + (-753)/(-5). Suppose z = 2*h + 22. What is the tens digit of h?
6
What is the hundreds digit of 511/((3 - 4)/(-2))?
0
What is the tens digit of (-582)/((8/3)/(-4))?
7
Let w = -183 - -376. What is the hundreds digit of w?
1
Suppose 1 = -v + 5. Suppose 0 = t + v, 9*g + 3*t = 4*g + 53. Let n = 22 - g. What is the units digit of n?
9
Let u(s) = -s**3 + 9*s**2 + 3*s - 14. Let t = -33 + 42. What is the tens digit of u(t)?
1
Suppose 12 = 4*g, 5*b - g - g = 1409. Let s = -61 + b. What is the units digit of s?
2
Let q = -1 - -9. Let c = 91 - 79. Suppose -c = -2*g + q. What is the tens digit of g?
1
Let m(z) = -z**3 - 2*z**2 + 3*z + 1. Let d(n) = -n**3 + n**2 + n - 1. Let y(f) = -2*d(f) - m(f). What is the units digit of y(2)?
5
Suppose 3*n + 74 = n. Let x = -53 - n. Let b = x + 23. What is the units digit of b?
7
Let p = -8 - -12. Suppose -8*h = -p*h + 20. Let d(z) = -3*z - 7. What is the units digit of d(h)?
8
Let c(u) = -u**3 - u**2 - 1. Let l(z) = -4*z**3 + 7*z**2 + 10*z + 13. Let s(j) = -3*c(j) + l(j). Let v be (-1*1/4 + 3)*4. What is the units digit of s(v)?
5
Suppose 2*g - 2*b - 214 = -g, -b - 5 = 0. Suppose 2*r + 2*c = 286 + g, 2*r - 2*c - 354 = 0. What is the hundreds digit of r?
1
Let j(g) = 9*g + 8. Let d(n) = -5*n - 4. Let f(v) = 7*d(v) + 4*j(v). Let k be f(3). Suppose -2*w - 6*a = -3*a + k, -8 = w + 3*a. What is the units digit of w?
1
Let u(b) = -2*b**2 + 7*b + 5. Let r be u(6). Let w(v) = -3*v**3 + 3*v**2 - v + 6. Let a be w(3). Let i = r - a. What is the tens digit of i?
2
Let d(o) = 17*o**2 + 8*o + 2. Let v be d(-5). Suppose 8*n - v = 421. What is the hundreds digit of n?
1
What is the tens digit of -4 + (-75)/(-20) + 3939/12?
2
Let r(o) = 14*o + 51. Let f be r(13). Suppose 5*d = t - 3*t + f, 4*t + 4*d = 448. What is the tens digit of t?
0
What is the hundreds digit of (-69)/(-4)*(-1 - (-556)/12)?
7
Suppose y = -4*l + 6*l + 11, 3*l + 24 = 4*y. Suppose 0 = -5*s + 2*v + 89, y*s + 7*v = 2*v + 72. What is the tens digit of s?
1
Let u(s) = -6*s + 123. What is the tens digit of u(-15)?
1
Let v(d) = -d**3 - 38*d**2 + 75*d + 47. What is the hundreds digit of v(-40)?
2
Let s = -1575 - -2643. What is the units digit of s?
8
Let z(q) = q**2 - 34*q - 94. What is the tens digit of z(-23)?
1
Let i be 3/(-6)*-21*(2 - 0). Suppose c - 17 - i = 0. What is the units digit of c?
8
Let s(n) = 3*n**2 + 7*n - 19. What is the hundreds digit of s(